 z be (-1)/(-2)*0/(-3) + 1. Let v = z + -16. Let a be (v/10)/((-6)/56). Calculate the greatest common divisor of 7 and a.
7
Suppose 5*i + 45*n - 48*n = -1967, i - 5*n + 411 = 0. Let y = 392 + i. What is the highest common factor of y and 1?
1
Let f = -27 - -162. Suppose -5*h - r = -28, -8*h + 4*r + 13 = -3*h. Suppose -5*u + 620 = 2*o + 60, h*o - f = -u. What is the greatest common factor of u and 22?
22
Suppose 0 = 39*u - 10 - 185. Suppose -w + 10 = 5*x - u*w, -5*x = -2*w - 10. Suppose 0*r = 4*r - 88. Calculate the highest common factor of r and x.
2
Suppose -496*n + 468*n + 39648 = 0. What is the greatest common factor of 59 and n?
59
Suppose -u + 1 = -0*u. Let k = 76 + -175. Let o = k + 102. Calculate the highest common divisor of o and u.
1
Let d be 5 + 13 - 8/(-2). Suppose 43 = 5*x - d. Suppose 0*h = -x*h + 975. What is the highest common factor of 15 and h?
15
Let s be (-644)/(-9) + (7120/(-180) - -40). Calculate the highest common divisor of s and 2547.
9
Suppose -61*i + 6 = -58*i. Suppose -11 = -i*p + 21. Suppose -x - 34 = -m, p = -5*m - 2*x + 186. Calculate the greatest common factor of 374 and m.
34
Let t be (189/90*-4)/(9/(-15)). Calculate the highest common factor of 254 and t.
2
Let q be -1 - -3 - 1 - 6. Let m be q/((-5)/2)*(0 + 196). What is the greatest common factor of m and 8?
8
Let g = 20 + -46. Let k = 29 + g. Suppose -5*p = -k*f + 1259, 4*f - 3*f - 413 = -5*p. Calculate the greatest common factor of f and 38.
38
Let u = -16 - -49. Suppose s = -3, 122 = l - 4*s + 33. Calculate the highest common factor of u and l.
11
Let t = -14 - -24. Suppose 10*k - 344 = -2634. Let f = k - -319. Calculate the highest common factor of f and t.
10
Let f be 217 + -215 + 6/27 + (-3207)/(-27). Calculate the greatest common factor of f and 2123.
11
Let v be (-69)/2*12/9. Suppose -7*b - 168 = -497. Let j = b + v. What is the highest common divisor of 4 and j?
1
Let y(p) = 5*p**2 + 4*p + 20. Let f be 372/60 + 5/(-25). Let j be y(f). What is the highest common divisor of 8 and j?
8
Let s(b) = -b**3 + 3*b**2 - b + 4. Let d be s(3). Let p(l) = -18 + 37 - 9 - 11 + 17*l**2. Let c be p(d). Calculate the highest common factor of c and 176.
16
Suppose -27512 = -213*s - 674. What is the highest common divisor of s and 954?
18
Let i be (10/(-15) - 5)/((-7)/21). What is the highest common factor of 51 and i?
17
Suppose 2900 = 5*r + 3*x, 0*x = r + x - 578. What is the highest common factor of r and 159?
53
Let a(g) = -g**2 + 3*g + 2. Let v be a(2). Suppose 4*s = -6*b + v*b + 38, 2*s - 5*b = -11. Let m = 31 - s. Calculate the highest common factor of m and 8.
8
Let r be 1 + 188 - ((-1)/9 + (-190)/(-171)). Calculate the highest common factor of 20 and r.
4
Suppose 0 = 27*a - 31*a + 4. Suppose -2*y + a = -r, y + 11 = -r + 1. Let g be 2/(-7) + -3 + (-415)/r. Calculate the greatest common divisor of g and 7.
7
Suppose 3*a + 3*q = -12, 0*a + 5*a - q - 4 = 0. Suppose -12 = -5*z - a*y - 2*y, 5*y = -4*z - 4. What is the greatest common divisor of 100 and z?
4
Let k(g) = -79*g + 4369. Let a be k(54). What is the greatest common divisor of 13493 and a?
103
Let b(q) = -4*q**2 - 27*q + 27. Let m be b(-13). Let f = 64 - 97. Let n = f - m. What is the highest common factor of n and 53?
53
Suppose -4*u - 3413 = -4*t - 23785, -10154 = -2*u - 2*t. Calculate the highest common factor of 45 and u.
45
Suppose 0 = 3*a - 2*a - 3*c + 5, 0 = 4*c. Let s = -26 + 34. Let d = a + s. What is the highest common factor of d and 33?
3
Let d(a) = -8*a + 22. Let m be d(11). Let x be m*(1 - (-54)/(-12)). Calculate the greatest common divisor of 21 and x.
21
Let a be (7689 - -29) + 4 + (2 - 8). Calculate the highest common divisor of 60 and a.
12
Suppose -l = 5, 26 + 12 = -z + 2*l. Let f = 52 - z. Calculate the highest common factor of 180 and f.
20
Suppose -l - 4 = 0, -2*q + 3*l + 19 = -q. Let k(f) = 2*f**2 + 28. Let r be k(q). What is the greatest common factor of r and 84?
42
Suppose -8*x + 12*x - 20 = 0. Suppose x*k - 327 = 4*k. Suppose -553 = -5*o + k. What is the highest common factor of o and 16?
16
Let a be (2*(0 + -1))/(8/(-12)). Suppose -a*o - 2*c + 63 = -5*c, -3*o = 2*c - 48. Calculate the highest common factor of o and 18.
18
Let w(t) = 4*t**2 + 29*t + 24. Let s be w(-12). Suppose -19 - 14 = -3*c. Let h = c + 17. What is the highest common divisor of h and s?
28
Suppose 0 = 109*t + 16469 - 107702. Calculate the highest common divisor of t and 27.
27
Let f(n) = 68*n**2 - 2*n - 4. Let p be f(3). Let i = 90463 + -90449. What is the greatest common factor of i and p?
14
Suppose -4*u = -b - 521 + 953, -u = -b + 420. Calculate the highest common factor of 3068 and b.
52
Suppose v + 44 = 3*v. Let n(d) = 3*d**2 + 310*d - 25949. Let b be n(55). Calculate the highest common factor of b and v.
22
Let y(s) be the second derivative of -s**5/20 + 7*s**4/12 + 17*s**3/6 - 25*s**2/2 - s - 20. Let o be y(4). Calculate the greatest common divisor of 13 and o.
13
Let t be (-2)/(-7) - (-183)/21. Suppose 10*y - t*y - 5 = 0. Suppose -y*w = 3*g - 49 - 14, w - 3 = 0. What is the greatest common factor of g and 32?
16
Let p be ((-13)/(117/(-504)))/(3/12). Suppose -286*l = -293*l + p. What is the highest common factor of l and 64?
32
Suppose 24*p - 23*p - o = -1, 0 = -2*p + 4*o - 12. Suppose 0 = -19*j + 948 + 800. Calculate the greatest common divisor of p and j.
4
Suppose -2*z + 49 = -h + 8, 0 = -4*z + 4*h + 76. What is the greatest common divisor of z and 165?
11
Let y = 12364 + -12276. Let r = 443 + -311. Calculate the greatest common divisor of y and r.
44
Let f(n) = -38*n + 57 - 13 - 11 - 9. Let h be f(-2). What is the highest common factor of 40 and h?
20
Let m be (145/(-10))/((-2)/12). Let v(p) = -12*p**2 + 76*p - 21. Let x be v(6). Calculate the highest common factor of m and x.
3
Let z = 662 + -656. Suppose -20 = 5*i, 4*k = 5*i + 38 - 2. Calculate the greatest common divisor of k and z.
2
Let a = 2481 - 2364. What is the greatest common factor of a and 78?
39
Suppose w = -5*m - 14 + 54, 4*m = 5*w + 3. Let c(u) = 3*u**2 - 6*u - 67. Let t be c(m). Calculate the greatest common divisor of 10 and t.
2
Let r(z) = -79*z + 1260. Let f be r(15). Calculate the highest common factor of f and 160.
5
Let w be 29 - 1/(-2)*-2. Suppose -4*l - 22 = -3*b, 4*b + 12*l - 2*l - 106 = 0. Calculate the highest common divisor of w and b.
14
Let d(s) = 19*s - 176. Let o be d(10). Suppose -4*y + 2*i + 1210 = 0, -5*y - i - 2*i + 1496 = 0. Calculate the highest common divisor of o and y.
7
Let s(y) = 2*y**2 + 6*y. Suppose 3*d = 7*d - 108. Let c be 8/36 + (-114)/d. Let z be s(c). What is the greatest common divisor of 64 and z?
8
Let f = 1047 - -537. Calculate the greatest common divisor of f and 144.
144
Suppose -16*u = 112*u - 2392 - 12712. What is the greatest common divisor of 20473 and u?
59
Suppose 0 = 3*t - 5*p - 20, -4*t - t = 4*p - 21. Suppose -3*z = -5*f + 133 + 152, -t*f + 5*z = -295. Calculate the highest common factor of f and 378.
54
Let r = 58 - 54. Suppose -7*j + 5*j = -2*h + 20, 30 = 2*h - r*j. Suppose 5*p + 1 = -24, 2*a = h*p + 31. Calculate the greatest common divisor of 3 and a.
3
Suppose 3*p + 2*o - 136 = 140, 0 = -5*p - 5*o + 455. Suppose 333*a - 335*a = -p. Calculate the greatest common factor of a and 799.
47
Let p be 1312/(-20)*(-2)/(-8)*(-46 - -26). Let w(a) = -a**3 - 10*a**2 + 7*a - 3. Let v be w(-11). What is the highest common factor of v and p?
41
Let n be (-5 - -6) + (0 - -269). Suppose 3*t + 3*u + u - 652 = 0, -431 = -2*t + u. Calculate the greatest common factor of t and n.
54
Let n(k) be the first derivative of -10*k**2 - 10*k + 5. Let t be n(-5). Suppose i = t + 163. What is the greatest common factor of i and 23?
23
Suppose 909 = 2*t + 373. Let i be t/5 + (-2)/(-5). Suppose -10640*q + 10635*q + 2180 = -5*z, -5*z = 2*q - 844. Calculate the highest common factor of i and q.
54
Let g(l) = l - 29. Let u be g(37). Let p be -48*(-30 + 6)/u. Calculate the greatest common divisor of p and 108.
36
Suppose 55 = 4*z - 9. Let p = 35 - z. Let n(m) = 2*m**2 + 12*m + 5. Let s be n(1). Calculate the highest common factor of p and s.
19
Let o(i) = 15*i**2 + 18*i + 16. Let t be o(-8). What is the highest common factor of 352 and t?
32
Suppose 13*q + 1204 = 41*q + 15*q. What is the highest common divisor of q